31
In base 14, what is 684d15 + 1?
684d16
In base 4, what is -1223201322103 - -2?
-1223201322101
In base 2, what is 111001010111100001011 - 1100110?
111001010111010100101
In base 13, what is -2 + 370300?
3702cb
In base 11, what is -624332 + -84?
-624406
In base 2, what is -10101001101110011110100 + -111011?
-10101001101110100101111
In base 7, what is 4353 + 32421?
40104
In base 5, what is 1343444323 + -132?
1343444141
In base 14, what is 868 - 2812?
-1d88
In base 12, what is -32a162 + -27?
-32a189
In base 10, what is 3772 + -2300?
1472
In base 16, what is -e - -13cc93?
13cc85
In base 9, what is 544860451 + 2?
544860453
In base 5, what is 11 + -112101042?
-112101031
In base 5, what is 23214 - 1010400?
-432131
In base 14, what is -da + 9ca3?
9ba7
In base 13, what is 81a8 + -20a5?
6103
In base 3, what is -1120010 - -11020210?
2200200
In base 8, what is 370762 + -1?
370761
In base 2, what is 11111010010 - 100001110?
11011000100
In base 5, what is 221223 + -3014342?
-2243114
In base 11, what is -192862 + -34?
-192896
In base 13, what is 14c - 145793?
-145644
In base 2, what is -1 - 1011011101000110010000011?
-1011011101000110010000100
In base 5, what is -1 + 211002314010?
211002314004
In base 3, what is 21221100120 + 2212?
21221110102
In base 9, what is 1 - -631034102?
631034103
In base 7, what is 14341 - -34115?
51456
In base 15, what is 4 + -7174571?
-717456c
In base 3, what is 12 - -120220202120222120?
120220202120222202
In base 11, what is 151459436 + 2?
151459438
In base 10, what is -723 + -99554?
-100277
In base 6, what is 154 - -515510144?
515510342
In base 2, what is -10 - 11000100101011011001011?
-11000100101011011001101
In base 3, what is -110021202012211002 + 12?
-110021202012210220
In base 5, what is -444113324103 - -1?
-444113324102
In base 10, what is 20067 + -785?
19282
In base 12, what is -2033593 - -3?
-2033590
In base 8, what is 476 - 154170?
-153472
In base 9, what is 1286775 + 5?
1286781
In base 5, what is 31233024224 - 0?
31233024224
In base 2, what is 111011010011111111111 - -11110?
111011010100000011101
In base 16, what is -15a9a3 + 21?
-15a982
In base 3, what is 11 - -11122021021010?
11122021021021
In base 5, what is -2030323 + -114?
-2030442
In base 9, what is 154 - -138478?
138643
In base 7, what is 2 - -132643540?
132643542
In base 7, what is -2 + 1643433126?
1643433124
In base 5, what is 4211 - 402302?
-343041
In base 14, what is 122 - -1528?
164a
In base 5, what is -110121 - 110004?
-220130
In base 7, what is 243 - -42554020?
42554263
In base 15, what is -85958935 - 0?
-85958935
In base 9, what is -130647 - -3721?
-125826
In base 10, what is 4149 + 3423?
7572
In base 15, what is 0 + 1c969b?
1c969b
In base 2, what is -1000011001111 - 101101001000?
-1110000010111
In base 7, what is 1510 + 625530?
630340
In base 6, what is 2453230 - -23?
2453253
In base 4, what is 2002031 + 1202220?
3210311
In base 16, what is 1a4fbe0 - 5?
1a4fbdb
In base 11, what is 3632327 - 4?
3632323
In base 16, what is 2a + -1cc898d?
-1cc8963
In base 6, what is 50 + 505533330?
505533420
In base 10, what is 201 + 156464?
156665
In base 4, what is -10033002 + 12113002?
2020000
In base 8, what is -46143 + -3215?
-51360
In base 14, what is -1c119 + -23d0?
-20509
In base 11, what is -84 + -38a26?
-38aaa
In base 11, what is 93a88 + 44?
94021
In base 13, what is -55a793 + 2?
-55a791
In base 16, what is -1286044 + -b?
-128604f
In base 8, what is -2074 - 1143?
-3237
In base 10, what is 105 + 1896870?
1896975
In base 6, what is -21232 + 15135?
-2053
In base 9, what is -61550221 + 10?
-61550211
In base 14, what is -9d3d - -271?
-9aac
In base 8, what is 3154745 + -7?
3154736
In base 4, what is -101220320 + 10?
-101220310
In base 3, what is -12 - -2202201000?
2202200211
In base 11, what is -13 + -627153?
-627166
In base 12, what is 11ab524 + 11?
11ab535
In base 13, what is -5 + -7aa7254?
-7aa7259
In base 3, what is 101 - -211020201121?
211020201222
In base 6, what is 10211303 - 450?
10210413
In base 6, what is 1542243135 - -1?
1542243140
In base 10, what is -6604730 + 7?
-6604723
In base 2, what is -10010101100100111000110001 - 1?
-10010101100100111000110010
In base 8, what is -1144777 + -2464?
-1147463
In base 4, what is 11 + -1313001123333?
-1313001123322
In base 16, what is -2631 - aae?
-30df
In base 2, what is -1110001111101111 + -1110010101?
-1110011110000100
In base 14, what is -31 + -2d13a1?
-2d13d2
In base 5, what is -1024311 + 0?
-1024311
In base 13, what is 29b + 46809?
46aa7
In base 7, what is -1 - -114614154?
114614153
In base 15, what is 9117 + 10d?
9225
In base 10, what is -1 + 16252?
16251
In base 9, what is -22686088 - -4?
-22686084
In base 8, what is -116224 + 203?
-116021
In base 3, what is 1 - -2102112122?
2102112200
In base 2, what is 110011011100111100000 - 1110000?
110011011100101110000
In base 15, what is -197d26e9 - 0?
-197d26e9
In base 8, what is -4734 - -16017?
11063
In base 4, what is -32 + 31333101330?
31333101232
In base 9, what is -15718745 - 11?
-15718756
In base 6, what is 1500 - 1334211?
-1332311
In base 13, what is -c + 7438590?
7438581
In base 8, what is -3 - -4731550?
4731545
In base 6, what is -2341523 + 211?
-2341312
In base 2, what is -11 - 10000111001101001101111?
-10000111001101001110010
In base 2, what is -11111111 + -110001111101100?
-110010011101011
In base 2, what is -100 + -11000100001001001111?
-11000100001001010011
In base 8, what is 1244245 + -53?
1244172
In base 14, what is 19 + -23c0ca?
-23c0b1
In base 7, what is 2001311 - 1452?
1666526
In base 5, what is 1034031012433 - -4?
1034031012442
In base 3, what is -10122121121212012 - 0?
-10122121121212012
In base 13, what is 115b4b - -117?
115c65
In base 8, what is -72 + -100530?
-100622
In base 13, what is -2 + 8a51299?
8a51297
In base 11, what is -3 - 43a1470?
-43a1473
In base 14, what is -1ac6d293 - 5?
-1ac6d298
In base 10, what is 5792 + -105700?
-99908
In base 6, what is -41555 - 14534?
-100533
In base 12, what is -168 + -2083?
-222b
In base 10, what is 41 - 993000?
-992959
In base 15, what is -2 - 1e163?
-1e165
In base 2, what is 1000101001 + -1100010011000?
-1011001101111
In base 2, what is 1010100101101111011110010 - -100?
1010100101101111011110110
In base 6, what is -10 + 353202324?
353202314
In base 7, what is 163 + -123163164?
-123163001
In base 10, what is 189318913 + -2?
189318911
In base 8, what is -53316 - -714?
-52402
In base 15, what is -14 + -bd9de?
-bda03
In base 9, what is -8612 - -44?
-8557
In base 11, what is 1 + -194a178?
-194a177
In base 13, what is -b65447 + -35?
-b6547c
In base 11, what is -8765 - -605?
-8160
In base 3, what is -10011000 - 10201101221?
-10211112221
In base 8, what is -51614236 + -160?
-51614416
In base 8, what is -7276666 - 110?
-7276776
In base 7, what is 31315515 - -11?
31315526
In base 13, what is -2b57 + 28794?
2593a
In base 2, what is 1000000011101 + -1001000011101101?
-1000000011010000
In base 9, what is 763350 + 45?
763405
In base 2, what is 101111011010001000101110000 - 10?
101111011010001000101101110
In base 5, what is -400 + -2211040140?
-2211041040
In base 7, what is 3 + 34530320?
34530323
In base 15, what is -345 + 4130?
3cda
In base 15, what is -758 + -6bdb?
-7444
In base 11, what is 1aa3 - -2aa47?
31a3a
In base 13, what is 2cb + -2947?
-2649
In base 6, what is -214052324430 + -4?
-214052324434
In base 15, what is -25b + -41da?
-4446
In base 7, what is -1634 + 10214?
5250
In base 4, what is -1 + 110023310113323?
110023310113322
In base 9, what is 1570610 - 732?
1568767
In base 15, what is -bab43 - -7a?
-baab8
In base 14, what is -2029 - -67dd?
47b4
In base 4, what is 120 - -13031332000?
13031332120
In base 6, what is 104052125003 + -5?
104052124554
In base 14, what is 4a2225c8 - 4?
4a2225c4
In base 8, what is -16 + 200467730?
200467712
In base 6, what is -1 + 21102541?
21102540
In base 4, what is 32 + 10203110111?
10203110203
In base 15, what is -884c - -16d0?
-716c
In base 10, what is 25597373 + -10?
25597363
In base 12, what is 2348059 + -5?
2348054
In base 15, what is -c3db + 322?
-c0b9
In base 7, what is -115063 + -4441?
-122534
In base 4, what is 11 + -12011210013021?
-12011210013010
In base 4, what is 23022 + 201113333?
201203021
In base 2, what is -10 + 10101101010000101010011?
10101101010000101010001
I